662967 prime?
True
Is 6753932537 composite?
True
Is 456013713 composite?
True
Is 5252341 prime?
False
Is 11422269071 a composite number?
False
Is 195825857 composite?
False
Is 798069266 composite?
True
Is 192292391 composite?
True
Is 4077573061 prime?
False
Is 346311929 a prime number?
True
Is 540857327 a prime number?
False
Is 676614287 a prime number?
True
Is 2545950989 prime?
True
Is 2207617541 a prime number?
True
Is 101532334307 a composite number?
False
Is 36891156581 composite?
False
Is 450925997 prime?
True
Is 1741770631 prime?
True
Is 6849771479 a composite number?
True
Is 10463366707 composite?
False
Is 75893738671 composite?
False
Is 19546136971 a prime number?
False
Is 877169723 a prime number?
False
Is 684255421 composite?
False
Is 35252069 a prime number?
False
Is 5040057149 a prime number?
False
Is 744167561 prime?
False
Is 52158704789 a prime number?
True
Is 376472917 composite?
True
Is 419319897 a prime number?
False
Is 4610120069 composite?
True
Is 15299745979 composite?
True
Is 21977528011 prime?
True
Is 135899188177 a composite number?
False
Is 488267498 composite?
True
Is 300558911 a composite number?
False
Is 12795861383 prime?
True
Is 421760789 composite?
False
Is 2060488747 prime?
True
Is 19429281659 a composite number?
False
Is 5979130867 a prime number?
False
Is 182291364323 prime?
True
Is 63691947677 a prime number?
True
Is 105339579 a prime number?
False
Is 9484383149 a prime number?
True
Is 1031455753 a prime number?
True
Is 1480265093 a composite number?
False
Is 1868137433 a prime number?
False
Is 8459496371 prime?
True
Is 5852495469 a composite number?
True
Is 108959594537 prime?
False
Is 2437498837 a prime number?
True
Is 1365763699 a composite number?
True
Is 155908221589 prime?
False
Is 713321627 a composite number?
False
Is 399187849 a prime number?
False
Is 25155690629 a prime number?
True
Is 970335671 a prime number?
False
Is 46968239561 composite?
False
Is 6145459327 a prime number?
False
Is 163103519 composite?
False
Is 337261226303 a composite number?
False
Is 334642201 a prime number?
True
Is 59167245421 a composite number?
False
Is 10086633169 composite?
False
Is 124387301 prime?
True
Is 670759179 prime?
False
Is 3243872117 prime?
True
Is 1283723659 a prime number?
False
Is 17074462949 prime?
False
Is 1994073369 a composite number?
True
Is 1771907 a composite number?
True
Is 1250254991 composite?
True
Is 4547977787 prime?
True
Is 2084255473 composite?
True
Is 1728580129 composite?
True
Is 2648167919 a prime number?
True
Is 56774196901 a composite number?
False
Is 14108177581 prime?
False
Is 19419614381 prime?
True
Is 318889289 composite?
True
Is 24540030731 a prime number?
False
Is 1271698969 a prime number?
True
Is 208331945 a composite number?
True
Is 5942376751 a composite number?
False
Is 2476430059 a composite number?
True
Is 17499123457 composite?
False
Is 285769812523 composite?
True
Is 55495357801 prime?
False
Is 3593534867 a composite number?
True
Is 6956377913 composite?
True
Is 17996566993 a composite number?
False
Is 314916229 a composite number?
False
Is 228191237 a prime number?
True
Is 872367787 a prime number?
False
Is 45258840565 a prime number?
False
Is 54838668067 a composite number?
False
Is 5574048329 prime?
False
Is 167183647 composite?
False
Is 289308931 composite?
True
Is 53541921721 a prime number?
False
Is 12608283157 a composite number?
False
Is 146576231 prime?
True
Is 2130282259 prime?
False
Is 22946713 composite?
True
Is 2816893669 a prime number?
True
Is 801168983 a prime number?
False
Is 239286119673 composite?
True
Is 849740051 a prime number?
True
Is 420818093 composite?
True
Is 12743092429 a composite number?
True
Is 21586242567 a prime number?
False
Is 368722223 prime?
False
Is 1462843819 prime?
False
Is 8747056897 composite?
False
Is 1536556361 composite?
False
Is 1723003487 a prime number?
True
Is 47493054023 prime?
False
Is 1659131603 a prime number?
False
Is 1441175681 composite?
True
Is 304743737 prime?
True
Is 191286577 a composite number?
False
Is 3087960587 a composite number?
False
Is 819225941 a prime number?
True
Is 26122495285 prime?
False
Is 3702808469 composite?
True
Is 32659073 a composite number?
False
Is 431566087 a prime number?
True
Is 1794557365 composite?
True
Is 5105623667 a composite number?
False
Is 8272223077 composite?
True
Is 5682106949 prime?
True
Is 7176093097 prime?
True
Is 60467522 composite?
True
Is 10473721121 a prime number?
False
Is 67941198419 a prime number?
False
Is 2365026091 composite?
False
Is 343802159 composite?
True
Is 4462198603 composite?
False
Is 3102205993 a composite number?
False
Is 3099274379 prime?
True
Is 62487611 a prime number?
True
Is 7164551227 prime?
False
Is 1493546079 a composite number?
True
Is 14059883267 composite?
False
Is 27308875189 composite?
False
Is 259741883 a composite number?
True
Is 3211810411 composite?
False
Is 13075267057 prime?
False
Is 1506437641 a composite number?
True
Is 23738908079 prime?
False
Is 325562023 a composite number?
False
Is 31808280529 a composite number?
False
Is 2553128957 composite?
False
Is 217205903347 composite?
False
Is 175671569 prime?
True
Is 555349393 composite?
True
Is 19580062373 a prime number?
False
Is 1546247914 a prime number?
False
Is 564113981 composite?
True
Is 17531447851 a composite number?
False
Is 1911748117 prime?
True
Is 166848317 a prime number?
True
Is 2867711261 prime?
True
Is 264526291 prime?
False
Is 99279449 prime?
True
Is 1093568527 a composite number?
True
Is 6115544257 composite?
True
Is 181039459 a prime number?
True
Is 123345096943 composite?
False
Is 3858166369 a composite number?
True
Is 10137688501 composite?
True
Is 2182819487 prime?
True
Is 8436372877 a prime number?
True
Is 8291562611 prime?
False
Is 101197203149 prime?
False
Is 1991887039 composite?
True
Is 2201276846 a composite number?
True
Is 2027680991 a composite number?
True
Is 15303586097 a prime number?
True
Is 3845468467 composite?
True
Is 178671637 a composite number?
False
Is 892112453 prime?
False
Is 3426635239 prime?
False
Is 27358887445 a composite number?
True
Is 231385093 composite?
False
Is 38096329517 prime?
True
Is 22151401 prime?
False
Is 23209667101 prime?
True
Is 7115446361 prime?
True
Is 162042707 a prime number?
True
Is 37922770163 a composite number?
False
Is 34842729011 a prime number?
False
Is 63353505533 composite?
True
Is 536951993 a composite number?
False
Is 13903143227 prime?
False
Is 142435691 a prime number?
True
Is 2559057173 composite?
True
Is 3314591261 a prime number?
False
Is 18117817871 prime?
False
Is 2942565841 a prime number?
False
Is 488029129 a composite number?
True
Is 551747759 a prime number?
False
Is 60800018401 composite?
False
Is 14761243901 prime?
False
Is 53397695501 a composite number?
False
Is 266310197 a prime number?
True
Is 1875809723 a prime number?
False
Is 440576239 a composite number?
False
Is 261000323 a composite number?
True
Is 10837894559 a composite number?
False
Is 4396066109 prime?
False
Is 386423887 a composite number?
False
Is 4280162137 prime?
True
Is 10995107203 composite?
False
Is 586404607 a composite number?
False
Is 7913630147 a prime number?
False
Is 2229537567 prime?
False
Is 4814528891 a composite number?
True
Is 1010186027 prime?
False
Is 1900753507 prime?
True
Is 6001272131 a composite number?
True
Is 30593037023 composite?
True
Is 1676542429 prime?
True
Is 17181427 a composite number?
True
Is 19712335367 a composite number?
False
Is 518710979 a composite number?
False
Is 69873779 composite?
False
Is 151730297 prime?
True
Is 2722606057 prime?
True
Is 926162927 a prime number?
True
Is 9082094507 a prime number?
True
Is 473351251 composite?
False
Is 29668558849 prime?
True
Is 980615687 a prime number?
False
Is 1328745941 composite?
False
Is 933564251 a prime number?
False
Is 657376009 a prime number?
False
Is 4469041867 prime?
True
Is 256353527 a composite number?
True
Is 367319983 a prime number?
False
Is 15333508607 prime?
False
Is 3386033641 prime?
True
Is 2314012663 composite?
False
Is 1867992371 a prime number?
False
Is 845017633 composite?
False
Is 102408623879 a composite number?
False
Is 535917611 a composite number?
True
Is 4783478083 composite?
False
Is 27557423659 a prime number?
False
I